on divisor of 16324 and 462?
154
Calculate the greatest common factor of 356500 and 10120.
460
What is the greatest common divisor of 2611504 and 3136?
784
Calculate the highest common factor of 492 and 1560460.
164
Calculate the highest common divisor of 15663 and 4761.
69
Calculate the highest common factor of 681 and 4221519.
681
What is the highest common divisor of 56 and 333998?
14
What is the greatest common divisor of 1329081 and 10335?
2067
Calculate the greatest common factor of 1833 and 315627.
39
Calculate the greatest common factor of 39699 and 297.
99
What is the highest common divisor of 90 and 2146710?
30
Calculate the highest common divisor of 5408 and 1976.
104
Calculate the highest common factor of 269 and 10222.
269
What is the highest common divisor of 27 and 58698?
27
Calculate the highest common factor of 23 and 52463.
23
What is the highest common divisor of 2970 and 1375?
55
Calculate the highest common factor of 16899 and 2882.
131
What is the highest common factor of 25424 and 32368?
112
Calculate the highest common factor of 1718621 and 3963.
1321
Calculate the highest common factor of 330 and 105765.
165
Calculate the greatest common divisor of 101778 and 6.
6
What is the highest common divisor of 17582 and 24072?
118
What is the highest common factor of 57486 and 9834?
66
Calculate the greatest common divisor of 19 and 347453.
19
Calculate the greatest common factor of 304633 and 637.
49
What is the highest common factor of 108768 and 288?
96
What is the greatest common divisor of 2925 and 3631875?
975
Calculate the highest common factor of 598 and 1094041.
299
Calculate the greatest common factor of 2933 and 1225.
7
Calculate the highest common divisor of 8408 and 768.
8
Calculate the greatest common divisor of 3708 and 1161.
9
What is the greatest common factor of 35 and 125?
5
Calculate the greatest common factor of 1066 and 27388.
82
What is the greatest common factor of 32864 and 237?
79
Calculate the highest common divisor of 16093 and 38.
19
Calculate the highest common factor of 2 and 21169.
1
Calculate the greatest common divisor of 60248 and 272.
136
Calculate the highest common factor of 251902 and 1064.
266
Calculate the highest common divisor of 1088826 and 534.
534
What is the highest common divisor of 129342 and 6?
6
Calculate the greatest common divisor of 31930 and 24335.
155
What is the highest common divisor of 825 and 1287?
33
What is the greatest common factor of 110 and 600974?
22
Calculate the highest common factor of 247244 and 452.
452
What is the greatest common divisor of 495 and 340230?
165
What is the greatest common factor of 242884 and 1148?
164
Calculate the greatest common factor of 945290 and 40.
10
Calculate the highest common factor of 1465208 and 16.
8
What is the greatest common factor of 308259 and 4116?
147
Calculate the greatest common divisor of 4 and 1556.
4
What is the highest common factor of 180648 and 72?
72
What is the highest common factor of 393 and 1038961?
131
Calculate the greatest common divisor of 16354 and 15236.
26
What is the greatest common divisor of 400 and 140200?
200
Calculate the greatest common factor of 294 and 314482.
98
What is the greatest common divisor of 11978 and 6328?
226
What is the highest common factor of 591982 and 2776?
694
Calculate the greatest common divisor of 110814 and 17940.
138
What is the highest common factor of 2289 and 273?
21
What is the greatest common factor of 153323 and 933?
311
Calculate the greatest common divisor of 3234 and 37632.
294
What is the greatest common divisor of 7 and 3970?
1
What is the highest common divisor of 4 and 3340928?
4
What is the greatest common divisor of 85 and 38080?
85
Calculate the highest common factor of 1792 and 28742.
14
What is the highest common factor of 708254 and 2516?
1258
Calculate the highest common factor of 338985 and 930.
465
Calculate the greatest common factor of 288 and 1422864.
144
Calculate the greatest common divisor of 176064 and 4416.
192
What is the greatest common divisor of 10 and 2194?
2
Calculate the highest common factor of 15196 and 58688.
524
What is the highest common divisor of 73736 and 208?
104
Calculate the greatest common divisor of 20736 and 22.
2
Calculate the highest common factor of 966411 and 291.
291
What is the greatest common factor of 13884 and 197580?
1068
What is the greatest common factor of 178212 and 36?
12
What is the greatest common factor of 20813 and 1664?
13
What is the highest common divisor of 11420 and 160?
20
What is the highest common divisor of 29716 and 65113?
437
What is the highest common factor of 443024 and 64?
16
Calculate the highest common divisor of 10873 and 3320.
83
Calculate the greatest common factor of 116886 and 231.
231
What is the highest common factor of 471 and 129839?
157
What is the highest common factor of 7462 and 18053?
7
What is the highest common factor of 403868 and 310?
62
What is the highest common divisor of 159390 and 1650?
330
Calculate the greatest common factor of 2254 and 7938.
98
Calculate the greatest common divisor of 15140 and 60.
20
What is the greatest common divisor of 42 and 951398?
14
Calculate the highest common divisor of 3815 and 327.
109
What is the greatest common divisor of 30361 and 679?
97
What is the greatest common factor of 162 and 573642?
162
What is the highest common divisor of 53046 and 2142?
126
Calculate the highest common factor of 1456 and 97916.
364
What is the greatest common divisor of 5056 and 1488?
16
Calculate the greatest common factor of 561 and 1861959.
561
What is the greatest common divisor of 1823141 and 4991?
713
Calculate the greatest common factor of 1477872 and 216.
216
What is the highest common factor of 12 and 14391?
3
Calculate the greatest common factor of 5529 and 12711.
57
What is the greatest common divisor of 7 and 203063?
7
What is the highest common factor of 324825 and 150?
75
What is the greatest common divisor of 342 and 16986?
114
Calculate the highest common factor of 19019 and 32032.
1001
Calculate the highest common divisor of 378853 and 3656.
457
Calculate the highest common divisor of 15 and 1742525.
5
Calculate the greatest common factor of 3852 and 552.
12
Calculate the highest common divisor of 84 and 1159452.
84
Calculate the highest common divisor of 455 and 49595.
455
Calculate the greatest common divisor of 144235 and 273.
91
What is the highest common factor of 44198 and 57728?
902
What is the highest common factor of 448 and 4844?
28
What is the highest common factor of 81 and 13194?
9
What is the highest common factor of 9621 and 180?
9
What is the greatest common divisor of 21504 and 2352?
336
What is the greatest common divisor of 1 and 6680?
1
Calculate the greatest common divisor of 228 and 3276.
12
Calculate the greatest common divisor of 316 and 21883.
79
Calculate the highest common divisor of 192 and 200028.
12
What is the highest common factor of 812 and 203?
203
What is the greatest common divisor of 3220 and 11060?
140
What is the highest common divisor of 35785 and 30?
5
What is the greatest common divisor of 123 and 18163?
41
Calculate the highest common divisor of 15447 and 4560.
57
Calculate the highest common factor of 480 and 16080.
240
What is the highest common divisor of 252857 and 33?
11
Calculate the highest common divisor of 857796 and 84.
12
What is the greatest common divisor of 158229 and 9?
9
What is the greatest common divisor of 7916178 and 303?
303
What is the highest common factor of 338082 and 261?
87
Calculate the greatest common factor of 18 and 37860.
6
Calculate the greatest common factor of 343 and 21.
7
What is the greatest common factor of 12 and 2112756?
12
What is the greatest common factor of 3392 and 57872?
16
What is the highest common factor of 3447342 and 36?
18
What is the highest common divisor of 33 and 277002?
33
What is the greatest common factor of 26432 and 31808?
448
What is the highest common factor of 23 and 506092?
23
What is the highest common divisor of 40 and 10900?
20
Calculate the greatest common divisor of 131328 and 228.
228
What is the greatest common factor of 194805 and 383616?
2997
Calculate the highest common divisor of 21208 and 72.
8
Calculate th